d - 2. What is a(c)?
5
Suppose 19*k - 139 = 32. Let u(c) = -c**3 + 17*c**2 - 70*c + 12. Calculate u(k).
30
Let q(a) be the second derivative of -1/10*a**5 + 1/6*a**3 - 1/6*a**4 + 0 - 62*a + 0*a**2. Calculate q(1).
-3
Let h(c) be the third derivative of c**6/120 + c**5/60 - c**3/6 - 2138*c**2. Let z(d) = -d - 1. Let y be z(1). Calculate h(y).
-5
Let u(l) = -49*l**2 - 2*l + 3. Let t = -26775 + 26774. Give u(t).
-44
Let x(u) be the third derivative of -u**4/24 - 37*u**3/6 + 2*u**2 - 394. Give x(-20).
-17
Suppose -4*x + x - 18 = 0. Let o(p) be the second derivative of 74*p + 9/2*p**2 + 0 + 1/12*p**4 + 3/2*p**3. Determine o(x).
-9
Let j(p) = -p**3 - 25*p**2 - 22*p - 7. Suppose -4*x = -2*h - 33 + 119, -5*x - 4*h - 140 = 0. What is j(x)?
-55
Suppose -r + v + 3 = r, 4*v = 3*r - 12. Suppose r = -2*k + k + 5*c + 11, 0 = -4*k - 2*c. Let q(m) = -1 - 3*m - k + 1. Calculate q(3).
-10
Let f(j) = -11*j**2 - 1 + 4*j + j - 3*j. Suppose 3*t = 5*w + 7, -11 = -7*w - 2*t + t. What is f(w)?
-10
Let m(q) = 3 + 245*q**2 - 541*q**2 + 297*q**2 + 2. Determine m(2).
9
Let m be (-6)/(-3) - (-2)/(-2). Let c(p) = -2*p. Let u(v) = 2*v. Suppose 0*o - 33 = -2*w + 5*o, 3 = 2*w + o. Let n(f) = w*u(f) - 2*c(f). Determine n(m).
12
Let c(k) = -k**2 + 18*k - 57. Let f be c(15). Let z(x) = x**2 + 12*x + 9. Give z(f).
9
Let h(y) = -6 - 3*y - 2*y + 4*y. Suppose 52 = 56*a + 276. Determine h(a).
-2
Suppose -69 = 5*h + 2*a, -202*h + 199*h = 3*a + 27. Let d(k) = -8*k + 15. What is d(h)?
151
Suppose -v - 4*l - 11 = 7, 5*v = -2*l. Let z(n) = 15*n**v - 44*n**2 - 4*n + 12*n**2 + 16*n**2 - 4. Calculate z(-4).
-4
Let w = 29503 - 29531. Let i(x) = -x**2 - 55*x - 753. What is i(w)?
3
Let p(m) = -m**2 + 39*m - 175. Let b be p(34). Let h(o) = -o**3 - 5*o**2 + 5*o + 16. Give h(b).
-9
Let f(l) = 2507 + l - 2548 - 21*l. Let j(p) = 7*p + 11. Let g(u) = -3*f(u) - 8*j(u). What is g(-7)?
7
Let n(r) be the third derivative of r**4/24 - r**3 - 2431*r**2. Give n(2).
-4
Let p(n) = 34*n**2 - 9*n - 31. Let b(t) = 16*t**2 + 2*t + 1. Let x(q) = 2*b(q) - p(q). Calculate x(8).
9
Let z(x) = 6*x + 12. Let s(a) = 0 + a + 11 - 7 - 1. Let q(g) = -9*s(g) + 2*z(g). Calculate q(5).
12
Let p(o) = -o**3 - 7*o**2 - 10*o - 9. Let l be p(-6). Suppose 10*x - 14*x + 44 = 0. Suppose 24*t - l*t = x*t. Let h(k) = k**3 + k**2 - k + 7. Give h(t).
7
Let j(h) = h - 3 + 0*h - 2*h + 21 + 5*h. What is j(-5)?
-2
Let y = 211 - 219. Let w(m) = -8*m - 65. Determine w(y).
-1
Let p be ((-5)/4)/5 + (-90)/(-8). Let w(v) = v**2 - 11*v + 27. Calculate w(p).
27
Let o(p) = 23*p - 14. Let s = 3817 + -3817. What is o(s)?
-14
Let g(t) be the third derivative of 0*t**3 + 1/15*t**5 + 0*t + 5*t**2 + 1/120*t**6 + 0*t**4 + 0. Let l = -332 - -328. Determine g(l).
0
Let p(k) = k**3 + 6*k**2 - 9*k + 12. Let s be p(-8). Let f = 49 + s. Let j(i) = f - 1 - 3*i - 2. What is j(-5)?
17
Let u(k) = k + 2 - 8 - 7. Let x(p) = p**3 - 21*p**2 - 4*p + 66. Let z be x(21). Let j be z/(-81) + 64/36 - -6. Give u(j).
-5
Suppose 28*j = -157 + 213. Let y(l) be the second derivative of -26*l + 0 + l**j - 7/6*l**3. What is y(-2)?
16
Suppose 2*h = -0*h - 4*r - 8, 4*h + 2*r - 2 = 0. Suppose -h*t = -6*t. Let k(y) be the first derivative of -y**3/3 + 11*y + 446. Calculate k(t).
11
Let t(a) = 2*a**2 - 9*a + 1. Let d(r) = -257*r + 1549. Let l be d(6). Determine t(l).
36
Let n(t) be the second derivative of -7*t**5/20 + t**4/4 + t**3/2 - 515*t + 3. What is n(-2)?
62
Let i(n) = 29*n**2 + 415*n - 510. Let y(g) = 9*g**2 + 128*g - 170. Let r(p) = -4*i(p) + 13*y(p). What is r(11)?
-5
Let j(y) = 3*y + 3. Let h(t) = -24*t**2 - 77*t - 21. Let k be h(-3). Give j(k).
-15
Let h(y) = -y**3 + 8*y**2 - 5*y - 1. Suppose 7 = 5*w + 2, w - 31 = -5*x. Calculate h(x).
41
Let g(s) be the first derivative of s**3/3 + 7*s**2/2 + 3*s - 1. Suppose -7*d = -3*d - 264. Suppose -4*b - 7*b = d. What is g(b)?
-3
Let g = -45 - -48. Suppose -2*l - 34 = 5*y, -g*l + 4*y = -15 + 43. Let c be (-36)/8*l/9. Let i(w) = w**2 - 6*w + 5. Give i(c).
5
Let q = -189 + 191. Let u(m) = -m**2 - 8 + 3 + 2 + 5*m**q + 4. Calculate u(-2).
17
Let g(w) = -w**2 + 3*w. Let p(v) = v - 15. Let c be -2 - ((-5)/(20/(-8)) - 54). Let h = c + -31. Let f be p(h). Determine g(f).
-4
Suppose -3*l = -m - 877, 2*l + 3*m = 366 + 215. Suppose l*h + 36 = 288*h. Let i(y) = 3*y + 13. Determine i(h).
-14
Let y(l) = -l**3 + 2*l**2 + 4*l - 4. Let m(j) = j**3 + 2*j**2 + 19*j + 41. Let b be m(-2). Calculate y(b).
-1
Let s(i) = 17*i - 25. Let c be s(2). Let g(h) = h**2 - 9*h + 18. Give g(c).
18
Let w(m) be the third derivative of 1/12*m**4 - 1/3*m**3 + 1/30*m**5 + 0*m + 10*m**2 + 0 + 1/120*m**6. Calculate w(-2).
-6
Let i(g) = g**3 - g**2 + g + 6. Let d(j) = -6*j**3 + 10*j**2 - 9*j - 39. Let p(t) = -d(t) - 7*i(t). Calculate p(3).
-51
Let u be (4/(-10))/((-1)/5). Let h = u + 0. Let l(v) = -2629*v + 2 - 1 + 1316*v - 2 + 1317*v. Give l(h).
7
Suppose 3*b - 4*r - 22 = 0, 95*b - 93*b = 4*r + 16. Let h(f) = -3*f - 16. Calculate h(b).
-34
Let w(s) = 3*s**3 - 4*s**2 + s - 1. Let a(p) = -5*p**3 + p**2 + 11*p - 29. Let z(u) = a(u) + 2*w(u). Calculate z(6).
11
Let y(i) = -i**2 + i - 9. Let z(u) be the second derivative of 2*u**2 + 0 + 1/12*u**4 - 22*u - 1/6*u**3. Let g(q) = -2*y(q) - 5*z(q). Determine g(3).
-20
Suppose -29*c - 43*c = 216. Let x(y) = -y**2 - 7*y - 2. Calculate x(c).
10
Let a(y) be the third derivative of 7/60*y**5 + 11/6*y**3 + 0 + 0*y + 48*y**2 + 1/120*y**6 - 7/24*y**4. Give a(-8).
3
Let b(y) be the second derivative of 3*y**2/2 - 77*y. Let j(g) = -g + 2. Let u(d) = -2*b(d) + 3*j(d). Give u(-1).
3
Let r(s) be the second derivative of s**6/120 + 2*s**5/15 + 7*s**4/24 + 31*s**2/2 - 13*s - 1. Let z(h) be the first derivative of r(h). What is z(-6)?
30
Let r(a) = -a**3 + 7*a**2 - 3*a - 5. Let x be r(5). Suppose -4*v = 2*v - x. Suppose -d - 2*j = 0, -4*d + 2*d = -j - v. Let o(y) = -2*y + 3. Give o(d).
-1
Let h = 5255 + -5253. Let r(o) = -o**2 - o + 3. Determine r(h).
-3
Let c(v) = -v**2 - 6*v - 4. Suppose -8*q = -2*q - 228. Let n(a) = -a**2 - 28 - 13*a + 0*a**2 + q. Let i be n(-14). What is c(i)?
4
Suppose 5*h - 25 + 5 = 0. Suppose -5*d - h = -2*d - 4*o, d = o. Suppose -13 + d = -3*r. Let g(a) = a. Determine g(r).
3
Suppose 648*m = 668*m + 480. Let w(j) = j**3 + 26*j**2 + 54*j + 141. Determine w(m).
-3
Let t(w) = 3*w**2 - 6*w + 3. Let v be t(-2). Let n(j) = 12 - 18*j + v*j - j - 17 - j**2. Calculate n(6).
7
Let a(c) = 3*c**3 + 4*c**2 - c - 1. Let h(n) = -n**2 - 37*n + 211. Let d be h(5). What is a(d)?
5
Let n(m) = m**2 + 6*m - 3. Suppose 0 = 5*k + 44 - 119. Suppose -k*h - 8 = -14*h. Let p be -2*(3 - ((-12)/h + -1)). Give n(p).
-8
Let v(w) be the first derivative of 16*w**2 + 66*w + 1753. Calculate v(-2).
2
Let z = 416 + -202. Let p(i) = -z + i + i**2 + 220 - 2*i. Give p(6).
36
Let s(x) be the third derivative of x**5/30 - x**4/12 - x**3/3 + 23*x**2. Let n = 22 + -19. Suppose 3*v - 19 = -5*g, -2*g - 8 = -v - n*v. Determine s(g).
2
Let o(b) = -b**2 - b + 1. Let m(c) = -c**3 + 6*c**2 - 3*c + 13. Let t(a) = -m(a) + 2*o(a). Let k = -644 + 716. Let z be (-296)/(-36) - 16/k. Determine t(z).
-3
Let z(g) be the first derivative of -1/360*g**6 + 16 - 5/3*g**3 + 0*g**4 + 0*g + 0*g**2 - 1/24*g**5. Let n(d) be the third derivative of z(d). Determine n(-6).
-6
Suppose 28*z + 194 = 26. Let f(m) = -m**3 - 5*m**2 + 7*m - 1. Determine f(z).
-7
Let f(n) be the second derivative of -n**5/20 + 11*n**4/12 - 7*n**3/3 + 31*n**2/2 + 6*n - 23. Calculate f(10).
-9
Suppose -8*j + 14*j = 18. Suppose j*l - 10 = l. Let m(f) be the first derivative of -f**4/4 + 5*f**3/3 - f**2 + 3*f - 2. Give m(l).
-7
Let x = 563 + -564. Let v be 14/28*(-12)/(-2). Let t(i) = -2*i - 3*i + v*i. Give t(x).
2
Let m(z) = -3*z + 48*z - 4 - 46*z - 2*z**2. Let o(w) = -w**2 - 2. Let b be (4/3)/((-2)/6). Let x(n) = b*m(n) + 7*o(n). Calculate x(-4).
2
Let f(c) = 0*c**2 + 2*c**2 + 2 - 2600*c + 2592*c. Give f(3).
-4
Let c(t) = 9*t + 9. Let o(a) = 11*a + 11. Let n be 440/(-99) + (-8)/(-18). Let u(x) = n*c(x) + 3*o(x). Give u(-4).
9
Let c = -4 - -2. Let z = c - -2. Let j(s) be the second derivative of -s**4/12 - 10*s**2 + 580*s. What is j(z)?
-20
Let n(f) = 11*f**2 + 51*f + 4. Let x(y) = 57*y**2 + 263*y + 20. Let v(d) = 31*n(d) - 6*x(d). Suppose 2*q = 4*q - 4*z - 10, 0 = -2*q - 2*z + 4. Determine v(q).
4
Let l(n) = 9*n**3 + 8*n**